{"id":726,"date":"2016-04-21T13:42:38","date_gmt":"2016-04-21T11:42:38","guid":{"rendered":"https:\/\/posterdigital.com\/support\/?page_id=726"},"modified":"2021-09-28T10:55:31","modified_gmt":"2021-09-28T08:55:31","slug":"lgwebos","status":"publish","type":"page","link":"https:\/\/posterdigital.com\/support\/en\/lgwebos\/","title":{"rendered":"LG WebOs"},"content":{"rendered":"<p>Este listado de manuales te ayudar\u00e1 a configurar y usar tu monitor LG WebOS<\/p>\n<ul>\n<li><a href=\"https:\/\/posterdigital.com\/support\/article\/anadir-reproductor-lg-webos\/\" target=\"_blank\" rel=\"noopener\">C\u00f3mo instalar un reproductor LG WebOs (version 1 hasta 3.1)<\/a><\/li>\n<li><a href=\"https:\/\/posterdigital.com\/support\/article\/como-anadir-tu-monitor-lg-webos-3-2-o-superior-a-posterdigital\/\" target=\"_blank\" rel=\"noopener\">C\u00f3mo a\u00f1adir tu monitor LG WebOs 3.2 o superior a PosterDigital<\/a><\/li>\n<li><a href=\"https:\/\/posterdigital.com\/support\/article\/opciones-control-los-reproductores-lg-webos\/\">Opciones de control de los Reproductores LG WebOs desde PosterDigital<\/a><\/li>\n<li><a href=\"https:\/\/posterdigital.com\/support\/article\/reiniciar-pantalla-lg\/\">Reiniciar pantalla LG<\/a><\/li>\n<li><a href=\"https:\/\/posterdigital.com\/support\/article\/cambiar-proyecto-posterdigital-una-pantalla-lg-webos\/\">Cambiar de proyecto LG webOs en PosterDigital<\/a><\/li>\n<li><a href=\"https:\/\/posterdigital.com\/support\/article\/resetear-monitor-lg-webos-la-configuracion-fabrica\/\">C\u00f3mo resetear nuestro monitor LG WebOs a la configuraci\u00f3n de f\u00e1brica<\/a><\/li>\n<li><a href=\"https:\/\/posterdigital.com\/support\/article\/lg-actualizacion-de-firmware\/\">Actualizaci\u00f3n de firmware (versi\u00f3n 1 hasta 3.1)<\/a><\/li>\n<\/ul>\n<h2>Monitores LG WebOs compatibles con PosterDigital<\/h2>\n<p>Los siguientes modelos de monitores LG \u00a0equipados con el sistema WebOS son compatibles y certificados con PosterDigital.<br \/>\nPara informaci\u00f3n m\u00e1s detallada sobre estos monitores, por favor visita la pagina <a href=\"http:\/\/www.lg.com\/es\/smart-tv\/webos.html\" target=\"_blank\" rel=\"noopener\">oficial<\/a> de LG.<\/p>\n<div class=\"newspaper\">42LS73B<br \/>\n49LS75A<br \/>\n42LS75A<br \/>\n49UH5B<br \/>\n55LS75A<br \/>\n72WX70MF<br \/>\n84TR3B<br \/>\nKT-T320<br \/>\n32SE3KB<br \/>\n42SH7DB<br \/>\n22SM3B<br \/>\n47WX50MF<br \/>\n86BH5C<br \/>\n43SM5KB<br \/>\n32SM5KB<br \/>\n84WT70PS<br \/>\n32SE3B<br \/>\n43SE3B<br \/>\n49SE3B<br \/>\n55SE3B<br \/>\n65SE3B<br \/>\n49MS75A<br \/>\n55FSD<br \/>\n98LS95A<br \/>\n42WL30<br \/>\n47WL30<br \/>\n55WL30<br \/>\n60WL30<br \/>\n84WS70MS-B<br \/>\n42WS10<br \/>\n42WS50<br \/>\n47WS10<br \/>\n47WS50<br \/>\n55WS10<br \/>\n72WS70<br \/>\n47WL10<br \/>\n32WL30<br \/>\n42WL10<\/div>\n","protected":false},"excerpt":{"rendered":"<p>Este listado de manuales te ayudar\u00e1 a configurar y usar tu monitor LG WebOS C\u00f3mo instalar un reproductor LG WebOs (version 1 hasta 3.1) C\u00f3mo a\u00f1adir tu monitor LG WebOs 3.2 o superior a PosterDigital Opciones de control de los Reproductores LG WebOs desde PosterDigital Reiniciar pantalla LG Cambiar de proyecto LG webOs en PosterDigital [&hellip;]<\/p>\n","protected":false},"author":1,"featured_media":0,"parent":0,"menu_order":0,"comment_status":"closed","ping_status":"closed","template":"","meta":{"_themeisle_gutenberg_block_has_review":false,"footnotes":""},"class_list":["post-726","page","type-page","status-publish","hentry"],"_links":{"self":[{"href":"https:\/\/posterdigital.com\/support\/wp-json\/wp\/v2\/pages\/726","targetHints":{"allow":["GET"]}}],"collection":[{"href":"https:\/\/posterdigital.com\/support\/wp-json\/wp\/v2\/pages"}],"about":[{"href":"https:\/\/posterdigital.com\/support\/wp-json\/wp\/v2\/types\/page"}],"author":[{"embeddable":true,"href":"https:\/\/posterdigital.com\/support\/wp-json\/wp\/v2\/users\/1"}],"replies":[{"embeddable":true,"href":"https:\/\/posterdigital.com\/support\/wp-json\/wp\/v2\/comments?post=726"}],"version-history":[{"count":41,"href":"https:\/\/posterdigital.com\/support\/wp-json\/wp\/v2\/pages\/726\/revisions"}],"predecessor-version":[{"id":3530,"href":"https:\/\/posterdigital.com\/support\/wp-json\/wp\/v2\/pages\/726\/revisions\/3530"}],"wp:attachment":[{"href":"https:\/\/posterdigital.com\/support\/wp-json\/wp\/v2\/media?parent=726"}],"curies":[{"name":"wp","href":"https:\/\/api.w.org\/{rel}","templated":true}]}}